 -13)/(1*-2). Let s(z) = 65 + 255*z**2 - x + 69 - 4*z. What are the prime factors of s(1)?
11, 23
Let z(w) = -39*w**2 + 3662*w + 153. List the prime factors of z(75).
2, 3, 31, 149
Suppose 20*d = 17*d + 249. Suppose -4*u = 5*p - 2360, 3*p + 4*u - 1325 = d. List the prime factors of p.
2, 7, 17
Let a = 73 - 60. Suppose -5*v - a = 2*b, 2*v - 2*b - 5 = -v. List the prime factors of v/3 - (-5)/(30/1088).
181
Let w = 43 - 51. Let l be (-12)/w*(-928)/12. Let h = 141 + l. List the prime factors of h.
5
Suppose -43*k - 207 = -40*k. Let c = 125 - k. What are the prime factors of c?
2, 97
Suppose -71*b - 1656135 = -166*b. List the prime factors of b.
3, 13, 149
Let r(u) = u**3 + 10*u**2 + 6*u - 12. Let o = 1 - -2. Suppose 5*p + 39 = o*d, -2*p - 2*d = p + 31. What are the prime factors of r(p)?
3, 5
Suppose 4*j - 3881 = -j + 2*i, -j = 5*i - 760. Let c be (-6 - 59)/13 + (6 - 1). Suppose -5*r + c*r + j = 0. List the prime factors of r.
5, 31
What are the prime factors of 377163/12 - (-804)/1072?
3, 10477
Let a(b) = -b**2 + 7*b - 8. Let w be a(2). List the prime factors of (-1)/(1/w)*5054/(-28).
19
Let j(b) = -2*b + 39. Let i be j(19). Let p be (4 - 4) + 35 + i. Let u = p - -32. What are the prime factors of u?
2, 17
List the prime factors of 0 + 34182 - (8/(-10) + (-29)/(-5)).
11, 13, 239
Suppose 28*v - 24*v + 168 = 0. Let r(q) = 24*q. Let y be r(8). Let c = y + v. What are the prime factors of c?
2, 3, 5
Suppose 29*m + 484 = -1169. Let c = m + 383. List the prime factors of c.
2, 163
Suppose 24*c + 1890 = 17*c. Let n = c - -609. What are the prime factors of n?
3, 113
Suppose 108 - 368 = -5*z. Let a = 120 - z. Suppose -4*t + 292 = -a. List the prime factors of t.
2, 3, 5
List the prime factors of (-2 + -245)/((-480)/4917 + 2/22).
13, 19, 149
Let q be -6738*(-1 + (-20)/(-15)). Let j = q - -3172. What are the prime factors of j?
2, 463
Let g(d) = -78*d + 89. Let f be g(1). Suppose -3*i = -x - 5*i + 7, 0 = -4*x - i + 49. Suppose 210 = -f*z + x*z. What are the prime factors of z?
3, 5, 7
What are the prime factors of (1182 + -15)/(6/(-8)*(-2)/3)?
2, 3, 389
Let t(b) = 4*b**3 - b**2 + 1. Let c be t(1). Suppose 2*u = -u + c*w + 753, 2*u + 4*w - 502 = 0. Let i = -11 + u. List the prime factors of i.
2, 3, 5
List the prime factors of (-61 + 4)/(3/(-267)).
3, 19, 89
Let o(r) = r**3 + 5*r**2 - 5*r - 1. Let x = -29 + 24. Let p be o(x). Suppose 6*b - 2*b - p = 0. What are the prime factors of b?
2, 3
Suppose 641*l + 70416 = 653*l. What are the prime factors of l?
2, 3, 163
Let q be 315/1 - (-12)/(-2). Let z = q + -113. List the prime factors of z.
2, 7
Let t be 15/(-70)*-7 + 273/2. Let v = t - -707. List the prime factors of v.
5, 13
Let p(u) = 17494*u - 1731. List the prime factors of p(2).
7, 4751
Let u(y) = 3*y**3 + 2*y**2 - 4*y + 4. Let i be u(1). Suppose 3*h - w + 2*w - 772 = 0, -2*h + i*w = -526. What are the prime factors of h?
2, 3, 43
Let t(s) = -2*s**2 + s. Let f(l) = 8*l**2 - 22*l + 29. Let w(i) = -f(i) - 5*t(i). List the prime factors of w(-18).
313
List the prime factors of 1482528/192 + (-1)/2.
7, 1103
Let q be 0/((-9)/(27/(-6))). Suppose -31*d + 35*d + 24 = q. Let y = 9 - d. List the prime factors of y.
3, 5
Suppose -p = -499 - 1673. What are the prime factors of p?
2, 3, 181
Let c(i) = -15 - 4 + 11*i + i**2 + 7*i. Let v be c(-19). Suppose 6*h + v*h = 252. What are the prime factors of h?
2, 3, 7
Let r(p) = p**3 - 19*p**2 + 16*p + 40. Let l(n) = -n**3 - 2*n**2 + 2. Let j be l(-2). Suppose s + 16 = b, -b = -5*s + j*s - 12. List the prime factors of r(b).
2
Suppose 0 = -8*x + 5010 + 1062. Let r = x + 1. What are the prime factors of r?
2, 5, 19
Suppose -v = -3*t + 6 + 3, -5*v + 35 = 5*t. Suppose -5*l + 194 = f, 1012 = 44*f - 39*f + t*l. List the prime factors of f.
2, 3, 17
Suppose 14*m + 1546 + 5412 = 0. Let o = m + 1808. List the prime factors of o.
3, 19, 23
Let i(f) = f**3 - 29*f**2 + 37*f - 33. Let a be i(28). Let v = a - -34. List the prime factors of v.
11, 23
Let j = -2604 + 2610. Suppose -4*g + 168 = -4*d, -g + 60 = g + 4*d. Let w = g - j. List the prime factors of w.
2
Let f be (-12 - -3 - -6)*2. Let c(t) = -114*t + 218. List the prime factors of c(f).
2, 11, 41
Let y(u) = 329*u - 515. List the prime factors of y(18).
5407
Let r(n) = 143*n**2 - 8*n + 359. What are the prime factors of r(-11)?
2, 5, 71
Suppose 161015 = 56*w - 486795 + 65466. List the prime factors of w.
10399
Suppose 2*r = -4*y + 120714, 86*y - 5*r + 181061 = 92*y. List the prime factors of y.
30181
Let h = 56693 + 2546. List the prime factors of h.
59239
Suppose 24853 = 5*m + 2*c, 24*m + c = 22*m + 9942. What are the prime factors of m?
4969
Let a(u) = -4*u**3 + 6*u**2 - 109*u + 29. List the prime factors of a(-12).
13, 701
Let b(q) = -7*q**3 - 12*q**2 + 6*q - 29. Let p be b(-9). Suppose 4*l + f - 5398 = 2*f, f = 3*l - p. List the prime factors of l.
2, 3, 5
Let w = -1368 - -18. Let q = w - -2262. List the prime factors of q.
2, 3, 19
Let m(d) = -4*d**3 + 20*d**2 + 4*d - 18. Let u(y) = 9*y**3 - 42*y**2 - 7*y + 39. Let q(r) = 7*m(r) + 3*u(r). What are the prime factors of q(11)?
431
Suppose -5*n = 6*r - 46077, -3*r - 2*r + 38379 = -2*n. What are the prime factors of r?
3, 853
Let d(n) = 54*n + 2. Let w be (-16)/20 - (-14)/5. Let s be d(w). Let j = -71 + s. What are the prime factors of j?
3, 13
Let c be 0 + 127 - 1/(-1). Let t(a) = -2*a**3 + 27*a**2 - 10*a - 23. Let i be t(13). Let q = i + c. What are the prime factors of q?
2, 3
Let j(k) = 4*k**3 - k**2 + 12*k - 4. Let f(x) = -x**2 + x + 2. Let q(p) = 2*f(p) - j(p). What are the prime factors of q(-5)?
13, 41
Let t(z) = -141*z - 260. Let r(j) = 5*j + 9. Let l be r(-3). What are the prime factors of t(l)?
2, 293
Let b be 3 + -2 - (-2)/(-2). Suppose 3*a + z - 806 = b, a - 5*z = -3*a + 1062. List the prime factors of a.
2, 67
Let d(w) = 41*w**2 - 43*w + 19. Let h be d(11). Suppose -5*g = -5*o - 4505, 4*g - 3*o = -g + h. List the prime factors of g.
2, 11, 41
Suppose 100177 - 258793 = -18*m. List the prime factors of 11/7 + -2 - m/(-14).
17, 37
Suppose 96484 = 3*d - j, d - j - 18614 - 13548 = 0. What are the prime factors of d?
29, 1109
Suppose -57*m = -77*m + 188860. What are the prime factors of m?
7, 19, 71
Let t be (-2)/(-11) + 3/((-198)/12). Suppose t = -z + 1640 - 565. What are the prime factors of z?
5, 43
Let u = 21963 - 11485. What are the prime factors of u?
2, 13, 31
Let h = 11258 - 5923. What are the prime factors of h?
5, 11, 97
Let c(a) = -a**3 + 3*a**2 + 15*a - 35. Let j be c(3). Suppose 3315 = j*t - 3405. List the prime factors of t.
2, 3, 7
Suppose -4*c + 2*r + 56 = -60, 0 = -3*r. Let g = c + -22. Suppose g*q + 968 = 11*q. What are the prime factors of q?
2, 11
Let q = 987 - 990. Let r be 2/(1 - (-2)/(-4)). List the prime factors of 2 + (r - (q - 141)).
2, 3, 5
Let f = 552 - 547. Suppose -5*j + 2540 = f*r, -21*j + 5*r = -20*j - 514. What are the prime factors of j?
509
Suppose -7*l + 28 = -0*l. Suppose u - 2*u + 16 = -3*x, -4*x - 64 = -l*u. Suppose 5*a + 11 = z, -4 = -z + 2*a + u. List the prime factors of z.
2, 13
Suppose 4*o - 24 = 3*o + 3*s, 4*o = -4*s + 176. Suppose -y = 7 - o. Let d = y + 28. List the prime factors of d.
2, 3, 5
Let l = 3764 - -2714. List the prime factors of l.
2, 41, 79
Suppose 9*g - 1 - 44 = 0. Suppose -5*l + 2770 = g*l. What are the prime factors of l?
277
Suppose 77434 = -17*r + 25*r + 12074. What are the prime factors of r?
2, 5, 19, 43
Suppose -x + 5*i = -8, 7*x + 2*i = 6*x + 1. List the prime factors of x/(-12)*9*-188.
3, 47
Let j(m) = 258*m + 15930. What are the prime factors of j(0)?
2, 3, 5, 59
Let d = -8358 - -42432. List the prime factors of d.
2, 3, 631
Let x = -26 + 30. Suppose -k = x*d - 389, 4*d - k = 4*k + 359. Suppose -d*z = -95*z - 66. List the prime factors of z.
2, 3, 11
Suppose -4528 = 13*q - 17*q. Suppose -u + 4*r + q = 0, -2 = -4*r + 10. List the prime factors of u.
2, 11, 13
Let w(o) be the third derivative of -o**4/24 + o**3/6 + 11*o**2. Let a be w(-3). Suppose a*m + 159 = 607. List the prime factors of m.
2, 7
What are the prime factors of ((-2)/6 - 160/(-30)) + (-815670)/(-53)?
5, 3079
Let j be 2/(-9) + (-2569)/63. Let a = j + 45. Suppose g + 14 = u - g, a*g + 18 = u. What are the prime factors of u?
2, 5
Let k = -28 - -22. Let w be 1/k + 49/42. What are the pr